{"id":140,"date":"2025-11-07T23:21:24","date_gmt":"2025-11-07T23:21:24","guid":{"rendered":"https:\/\/rohmasv.calpanditechnologies.com\/?post_type=product&#038;p=140"},"modified":"2025-11-07T23:24:56","modified_gmt":"2025-11-07T23:24:56","slug":"capo-nissan-versa-2011-2020","status":"publish","type":"product","link":"https:\/\/rohmasv.calpanditechnologies.com\/?product=capo-nissan-versa-2011-2020","title":{"rendered":"Cap\u00f3 Nissan Versa 2011 &#8211; 2020"},"content":{"rendered":"<p>Hecho en acero laminado de alta densidad, este cap\u00f3 ofrece m\u00e1xima durabilidad y protecci\u00f3n ante impactos leves. Su estructura reforzada reduce vibraciones y se adapta f\u00e1cilmente al sistema de cierre original. Preparado para pintura y libre de corrosi\u00f3n.<\/p>\n","protected":false},"excerpt":{"rendered":"<p>Cap\u00f3 nuevo compatible con Nissan Versa 2018\u20132022. Alta resistencia y ajuste perfecto para reemplazo directo.<\/p>\n","protected":false},"featured_media":143,"comment_status":"open","ping_status":"closed","template":"","meta":[],"product_brand":[],"product_cat":[34],"product_tag":[37,42,44,43],"class_list":{"0":"post-140","1":"product","2":"type-product","3":"status-publish","4":"has-post-thumbnail","6":"product_cat-capo","7":"product_tag-capo","8":"product_tag-nissan","9":"product_tag-repuesto-nissan","10":"product_tag-versa","12":"first","13":"instock","14":"shipping-taxable","15":"purchasable","16":"product-type-simple"},"_links":{"self":[{"href":"https:\/\/rohmasv.calpanditechnologies.com\/index.php?rest_route=\/wp\/v2\/product\/140","targetHints":{"allow":["GET"]}}],"collection":[{"href":"https:\/\/rohmasv.calpanditechnologies.com\/index.php?rest_route=\/wp\/v2\/product"}],"about":[{"href":"https:\/\/rohmasv.calpanditechnologies.com\/index.php?rest_route=\/wp\/v2\/types\/product"}],"replies":[{"embeddable":true,"href":"https:\/\/rohmasv.calpanditechnologies.com\/index.php?rest_route=%2Fwp%2Fv2%2Fcomments&post=140"}],"wp:featuredmedia":[{"embeddable":true,"href":"https:\/\/rohmasv.calpanditechnologies.com\/index.php?rest_route=\/wp\/v2\/media\/143"}],"wp:attachment":[{"href":"https:\/\/rohmasv.calpanditechnologies.com\/index.php?rest_route=%2Fwp%2Fv2%2Fmedia&parent=140"}],"wp:term":[{"taxonomy":"product_brand","embeddable":true,"href":"https:\/\/rohmasv.calpanditechnologies.com\/index.php?rest_route=%2Fwp%2Fv2%2Fproduct_brand&post=140"},{"taxonomy":"product_cat","embeddable":true,"href":"https:\/\/rohmasv.calpanditechnologies.com\/index.php?rest_route=%2Fwp%2Fv2%2Fproduct_cat&post=140"},{"taxonomy":"product_tag","embeddable":true,"href":"https:\/\/rohmasv.calpanditechnologies.com\/index.php?rest_route=%2Fwp%2Fv2%2Fproduct_tag&post=140"}],"curies":[{"name":"wp","href":"https:\/\/api.w.org\/{rel}","templated":true}]}}